.
8
Let u(n) = n**2 + 295*n + 8676. What is u(-33)?
30
Let n(o) = -17*o - 1435. Determine n(-89).
78
Let k(g) = g**2 + 48482*g - 1795199. Give k(37).
4
Let m(s) = -11*s**3 - 18*s**2 - 359*s - 703. What is m(-2)?
31
Let i(k) = 33685*k + 1347411. Calculate i(-40).
11
Let w(h) = -2*h**3 + 79*h**2 + 205*h + 209. Determine w(42).
-1
Let p(v) = v**2 - 6933*v + 48635. Give p(7).
153
Let w(x) = -398050*x - 5970784. Give w(-15).
-34
Let m(p) = -p**3 + 228*p**2 + 685*p + 1706. Give m(231).
-142
Let t(b) = -16*b**2 - 984*b - 14695. Determine t(-36).
-7
Let v(m) = m**2 - 8836*m + 35336. Give v(4).
8
Let f(g) = 306*g**3 - 25*g**2 + 66*g - 31. Calculate f(2).
2449
Let z(u) = -u**3 - 2*u**2 + 467*u + 2259. Calculate z(-5).
-1
Let f(z) = 14*z**3 + 22*z - 38. Determine f(5).
1822
Let d(q) = 17*q**2 - 3086*q - 4586. Determine d(183).
-11
Let d(z) = -497*z + 140924. Determine d(282).
770
Let g(r) = -2*r**2 - 93*r - 69. Give g(-45).
66
Let u(d) = -7*d**2 - 16940*d - 285941. Determine u(-17).
16
Let f(w) = w**3 - 17*w**2 - 58490*w + 819464. Determine f(14).
16
Let f(j) = 5*j**2 - 778716*j - 778716. Determine f(-1).
5
Let v(c) = -48*c**2 - 84*c - 4. What is v(-7)?
-1768
Let o(z) = -z**2 - 197*z + 6722. Determine o(-207).
4652
Let j(v) = 12*v**3 + 4366*v**2 - 731*v - 1105. Determine j(-364).
-13
Let k(h) = 2*h**3 - 44*h**2 + 186*h - 17. Give k(15).
-377
Let h(f) = -2*f**3 + 43*f**2 - 86*f + 3. Give h(2).
-13
Let t(d) = -10*d**2 - 1404*d + 2266. What is t(-142)?
-6
Let p(a) = 311*a**3 + 5*a**2 + 10*a - 11. Give p(1).
315
Let m(h) = 43*h**2 + 562*h - 2252. Give m(4).
684
Let w(k) = 24*k**2 - 297*k + 1562. Give w(6).
644
Let f(v) = v**3 + 113*v**2 + 235*v + 1902. What is f(-111)?
459
Let r(m) = m**3 + 64*m**2 + 1046*m + 764. Determine r(-30).
-16
Let k(t) = -t**3 - 2705*t**2 + 790*t + 9447785. Give k(-2704).
9
Let p(t) = 4*t**3 - 296*t**2 + 1212*t - 352. Determine p(4).
16
Let x(p) = -51*p**3 + 6*p**2 - 15*p + 33. What is x(3)?
-1335
Let j(m) = 74315*m - 8100355. Calculate j(109).
-20
Let t(b) = 4740*b - 8033. What is t(2)?
1447
Let z(c) = 11*c**3 - 3*c**2 + 5812*c + 11618. Calculate z(-2).
-106
Let h(u) = -u**2 + 104*u + 622. Determine h(110).
-38
Let x(f) = -7795*f + 93562. Calculate x(12).
22
Let t(s) = -56*s**2 + 23*s + 1416. Give t(0).
1416
Let x(q) = -6576*q - 170870. Determine x(-26).
106
Let d(k) = -11*k**2 - 282*k - 205. Determine d(-32).
-2445
Let l(g) = 9*g**3 - 46*g - 172. What is l(-6)?
-1840
Let d(z) = 4*z**2 + 4702*z - 171952. What is d(-1211)?
10
Let j(a) = -3974*a - 1275662. Give j(-321).
-8
Let t(j) = -123*j**2 - 1809*j - 1808. Give t(-1).
-122
Let v(i) = -i**2 - 888*i + 199712. Determine v(186).
-52
Let h(y) = 7*y**2 + 10*y - 63. Determine h(-10).
537
Let p(c) = 86*c**3 + 680*c**2 - 70*c - 48. Calculate p(-8).
0
Let g(b) = -8*b**3 - 6*b**2 + 4056*b + 16205. Determine g(-4).
397
Let k(b) = -23*b**3 + 238*b**2 - 27*b + 35. What is k(10)?
565
Let m(f) = -2*f**3 + 23*f**2 + 26*f - 15. What is m(13)?
-184
Let u(w) = -2251*w - 29128. Calculate u(-12).
-2116
Let l(t) = -13221*t - 277613. What is l(-21)?
28
Let r(j) = -172*j + 1952. Calculate r(11).
60
Let s(k) = 152*k**2 + 1124*k + 3377. Calculate s(-3).
1373
Let w(l) = -9*l**3 - 24*l**2 - 60*l + 374. Give w(3).
-265
Let y(b) = -328371*b - 3283706. Determine y(-10).
4
Let h(r) = -2*r**2 + 103646*r - 2072055. Give h(20).
65
Let v(d) = 18080*d + 18079. Give v(-1).
-1
Let p(l) = -l**3 - 95*l**2 + 340*l + 4408. What is p(-98)?
-100
Let w(q) = -44100*q - 44124. Calculate w(-1).
-24
Let p(z) = 2*z**2 + 2380*z - 55913. Give p(23).
-115
Let l(v) = -3887*v + 66078. Give l(17).
-1
Let z(o) = 3*o**3 - o**2 + 13*o - 115. Calculate z(6).
575
Let c(s) = 119*s - 6355. Give c(49).
-524
Let h(t) = -460*t**2 - 3264*t - 313. Give h(-7).
-5
Let f(p) = p**3 + 33681*p - 101071. Calculate f(3).
-1
Let p(l) = 4*l**2 + 1503*l - 23467. What is p(15)?
-22
Let s(m) = 6627*m + 34256. Determine s(-5).
1121
Let i(j) = 44250*j - 221715. Give i(5).
-465
Let u(x) = -4039*x + 141217. Give u(35).
-148
Let g(v) = -6*v**2 + 2116*v + 2896. Determine g(354).
64
Let b(m) = 1081*m - 335144. Determine b(310).
-34
Let f(j) = -2*j**3 + 796*j**2 + 46800*j + 1. What is f(450)?
1
Let a(b) = b**3 + 23*b**2 + 11*b - 1535. Determine a(-17).
12
Let a(g) = -76518*g - 765341. Calculate a(-10).
-161
Let o(c) = c**2 + 571*c - 42538. Give o(67).
208
Let m(r) = -r**3 + 575*r**2 - 7854*r - 72. What is m(14)?
-72
Let o(t) = -248*t**2 + 13877*t - 115. Determine o(56).
-731
Let p(d) = 2*d**3 - 157*d**2 + 84*d - 471. What is p(78)?
-3
Let u(l) = l**3 + 185*l**2 + 314*l - 41886. Calculate u(-182).
338
Let o(z) = -527*z - 237145. Give o(-450).
5
Let s(z) = -199889*z - 28184353. Calculate s(-141).
-4
Let u(f) = -5*f**3 - 4*f**2 + 131*f + 543. Determine u(-4).
275
Let r(x) = x**3 + 91*x**2 - 16014*x + 911. What is r(-180)?
-169
Let p(g) = -2147321*g - 19325893. Calculate p(-9).
-4
Let u(l) = 5*l**2 + 5*l - 545. What is u(-12)?
115
Let i(o) = -2*o**3 - 9*o**2 - 1103*o - 6538. Calculate i(-6).
188
Let j(d) = -2*d**3 - 280*d**2 + 570*d + 466. What is j(-142)?
182
Let y(k) = 224988*k - 38472946. Give y(171).
2
Let z(t) = -t**2 + 38584*t - 192885. Give z(5).
10
Let n(y) = 8*y**2 - 2900*y + 15763. Calculate n(357).
55
Let a(t) = 57*t**2 - 3399*t - 4743. What is a(61)?
15
Let p(z) = -z**3 + 50*z**2 + 279*z - 294. Calculate p(55).
-74
Let p(r) = 22*r**2 - 25*r + 44. Determine p(8).
1252
Let l(u) = -u**3 + 342*u**2 - 312*u - 9936. Give l(341).
-47
Let w(h) = -492834*h - 2464171. Give w(-5).
-1
Let q(b) = -10650*b + 713550. What is q(67)?
0
Let g(j) = 20*j**2 - 402*j - 867. Determine g(-2).
17
Let u(r) = -2*r**3 + 186*r**2 - 3145*r + 1499. Determine u(71).
8
Let p(c) = -426*c - 7538. What is p(-32)?
6094
Let f(k) = -1852*k - 9036. Calculate f(-5).
224
Let r(a) = -a**3 + 210*a**2 - 5943*a - 1406. Calculate r(34).
-12
Let y(w) = 7896*w + 31650. Determine y(-4).
66
Let i(w) = w**2 + 1584*w + 623552. Determine i(-731).
9
Let y(v) = -7*v**2 - 3169*v + 19257. What is y(6)?
-9
Let h(d) = -d**3 + 27*d**2 + 76*d + 47. What is h(29)?
569
Let u(s) = -1468*s - 37. Determine u(0).
-37
Let o(g) = 65*g**3 - 257*g**2 + 25*g - 1. What is o(4)?
147
Let o(m) = 4541*m + 25459. Calculate o(-6).
-1787
Let o(k) = 347*k**2 + 554*k - 1106. What is o(2)?
1390
Let j(p) = -60*p**3 - 59*p**2 + 625*p + 620. Give j(-1).
-4
Let p(q) = -11882*q + 225750. Give p(19).
-8
Let b(o) = 2*o**3 + 36*o**2 + 224*o + 57. Calculate b(-11).
-713
Let t(o) = 12985*o - 1882831. Calculate t(145).
-6
Let h(s) = -s**3 + 12*s**2 + 2902*s + 1054. Give h(-48).
-2
Let y(f) = -3*f**2 - 547*f + 2653. Give y(-187).
35
Let y(l) = 157*l**3 - 1253*l**2 - 23*l + 14. Determine y(8).
22
Let k(v) = v**3 + 280*v**2 + 7715*v + 63. Determine k(-31).
187
Let v(r) = -7718*r + 46167. Determine v(6).
-141
Let w(u) = -25246*u + 2019681. Give w(80).
1
Let v(o) = 10*o**2 + 2171*o - 15633. Give v(7).
54
Let o(t) = 75568*t - 830721. Give o(11).
527
Let s(t) = -2*t**3 + 45*t**2 + 696*t - 76. Give s(33).
23
Let w(p) = 3*p**3 - 516*p**2 - 1004*p - 6951. What is w(174)?
9
Let i(g) = -g**3 - 307*g**2 + 23697*g - 17408. What is i(-371)?
29
Let r(z) = -z**2 - 10689*z - 574284. Determine r(-54).
6
Let w(o) = 52*o - 12723. Give w(235).
-503
Let c(x) = -46*x**2 - 4850*x - 2060. What is c(-105)?
40
Let j(b) = 901*b + 78433. Calculate j(-87).
46
Let a(v) = 517*v + 1615. Give a(-3).
64
Let j(z) = -708*z + 49260. Determine j(72).
-1716
Let x(s) = -11*s**3 - 69*s**2 + 146*s - 47. What is x(-8)?
1
Let t(x) = -x**3 + 149*x**2 + 384*x - 78445. Calculate t(148).
291
Let v(n) = 36663*n - 183806. What is v(5)?
-491
Let v(t) = -349*t**2 + 3300*t - 1465. Give v(9).
-34
Let i(w) = 665*w - 24368. Calculate i(37).
237
Let x(n) = -2*n**3 + 76*n**2 - 397*n + 420. Determine x(32).
4
Let o(j) = j**2 + 459*j + 51385. Determine o(-197).
-229
Let d(b) = 74*b**3 + 964*b**2 - 33*b - 761. Determine d(-13).
6
Let b(m) = -3862*m - 23103. Give b(-6).
69
Let q(x) = 51*x**2 - 6558*x + 3835. What is q(128)?
-5
Let z(o) = -6*o**3 + 1898*o**2 - 634*o + 650. Give z(316).
18
Let z(y) = -40*y + 3758. Calculate z(93).
38
Let s(p) = 2*p**3 + 31*p**2 + 168*p + 2974. Calculate s(-16).
30
Let o(m) = -3209*m - 396. Give o(0).
-396
Let a(m) = -116*m - 17264. Calculate a(-147).
-212
Let h(a) = -45*a**3 - 190